ose 0*a = -2*a + q. What are the prime factors of a?
2, 3
Suppose -3*s + 5*a + 2 = -2, -5*s + 5*a = -10. Let w(m) = 0*m + m**3 + m + m**2 + 0*m**s + 5. What are the prime factors of w(0)?
5
Suppose -4*a - 44 = -16. Let w(o) = -o**2 + 4*o - 7. Let y be w(6). Let c = a - y. List the prime factors of c.
2, 3
Suppose -5*j - 2*y = -344 - 80, y - 427 = -5*j. What are the prime factors of j?
2, 43
Let g(p) = 357*p**2 - 2*p - 1. List the prime factors of g(1).
2, 3, 59
Let u be -2 + (-1 - 1)/(-2). Let z be (8/(-12))/(u/3). Suppose -4*b - 5 = -5*r + 34, 9 = r - z*b. What are the prime factors of r?
7
Let i = 76 - 25. What are the prime factors of i?
3, 17
Suppose 3*b - 4 = -4*h + 5*h, -3*b = 0. Let r(t) = t**3 + 5*t**2 - t - 4. List the prime factors of r(h).
2
Suppose 0 = -4*v - 5*x + 18, v + 0*v + 8 = 5*x. What are the prime factors of v?
2
Suppose -5*p = -0*p - 105. List the prime factors of p.
3, 7
Let b be -2 - (383 - (-1)/(-1)). Suppose -2*k = k + 27. What are the prime factors of b/(-27) + 2/k?
2, 7
Suppose a - 4*a - 3 = 0. Let y(m) = -4*m**3 + 2*m**2 + 2*m + 1. Let b be y(a). Suppose 2 = -4*c - 10, b*p - 3*c - 54 = 0. What are the prime factors of p?
3
Suppose 8*y = 37 + 147. What are the prime factors of y?
23
Let k = -14 + 10. Let g = k + 6. Let o = g + 2. List the prime factors of o.
2
Suppose -3*s = -5*n - 30, -1 = s - n - 11. Let j(r) = -r**2 + 6*r - 2. Let m be j(5). Suppose m = -b + s. List the prime factors of b.
7
Suppose 2*k = -k. Suppose 2*v = 2*q - k*v - 8, 0 = -3*q - 2*v + 32. List the prime factors of q.
2
Let g(y) = -13*y - 1. Let j(q) = q**2 - 13*q - 3. Let u be j(13). List the prime factors of g(u).
2, 19
Let g be (-3)/(2/8 + -1). Let n be ((-42)/(-49))/((-3)/(-21)). Suppose n*s - 24 = g*s. What are the prime factors of s?
2, 3
Let h(b) = 2*b**3 - 2*b**2 + 4*b + 6. List the prime factors of h(5).
2, 113
What are the prime factors of (-1 - 14)/3 - -26?
3, 7
Let d(u) = 11*u**3 - u**2 + u. Suppose 0 = -p - 1, 0 = 2*j + 2*p + 1 + 13. Let c be -2*(9/j + 1). What are the prime factors of d(c)?
11
Let n be (-3 - -2)/(4/64). Let z = n - -35. What are the prime factors of z?
19
List the prime factors of 471/(20/(-8) + 4).
2, 157
Let u(b) = -b**3 - 4*b**2 + 6*b + 9. What are the prime factors of u(-5)?
2
Suppose -3*p - 5 = -14. Let a be ((-125)/2)/(-5)*2. Suppose p*r + 2*r = a. What are the prime factors of r?
5
Let n(x) = -x**3 + 4*x**2 + 2*x - 5. Let j(w) = w**2 - 1 + 1. Let b be j(2). List the prime factors of n(b).
3
Suppose 261 = 5*m - u - 874, -894 = -4*m - 2*u. What are the prime factors of m?
2, 113
Let w be 39/9 + 1/(-3). Suppose d + 5*b = -w, 5*d - 3*b - 36 = -0*d. Let m(q) = 3*q - 7. List the prime factors of m(d).
11
Let j(l) = -l**3 - 22*l**2 - 44*l - 13. List the prime factors of j(-20).
67
Let w(u) = u**2 - u. Let k(g) = 4*g**2 + 3*g - 5. Let p(f) = k(f) - 5*w(f). List the prime factors of p(5).
2, 5
Let y(d) = 69*d - 19. What are the prime factors of y(5)?
2, 163
Suppose 0 = 5*d - 10*d - 4*l + 32, 2*d - 5 = l. What are the prime factors of (6/d)/((-3)/(-6))?
3
Suppose 3*t = -i + 71, 68 + 29 = 4*t - i. List the prime factors of t.
2, 3
Suppose -4*r + 4 + 44 = 0. Let a = r + 0. List the prime factors of a.
2, 3
Suppose -h + 3*k = -6*h - 12, -2*k - 8 = h. Let y(m) = -m**3 + 6*m**2 + 4*m + h*m**3 - 4*m**2. What are the prime factors of y(3)?
3
Let q(p) = -p + 10*p**3 - 6*p + 1 + 2*p + 3*p. List the prime factors of q(1).
3
Let c(g) = -g**2 - 5*g. Let p(b) = b**2 + 6*b - 1. Let h(x) = 6*c(x) + 5*p(x). Let m be h(0). What are the prime factors of (-36)/m + (-1)/5?
7
Let s = 0 + 10. Let m = s + -7. List the prime factors of m.
3
Let c(u) = 46*u**3 + u**2 - u. List the prime factors of c(1).
2, 23
Let v = 2 - 2. Suppose m - 17 = z - 3, 2*m + 4*z - 10 = v. Let g(r) = r - 5. List the prime factors of g(m).
2, 3
Let w(q) = 45*q**2 + 4*q + 2. Let l be w(-2). Suppose 39 - l = -3*v. List the prime factors of (-4)/(-18) + 530/v.
2, 3
Let p(z) = -5*z**2 + 11*z + 5. Let y(c) = c**2 - c - 1. Let q(n) = p(n) + 6*y(n). Let m be q(-8). Suppose 2*g + 9 = m. What are the prime factors of g?
7
Suppose 6*j = 4*b + 5*j - 229, 0 = 3*b + 3*j - 168. List the prime factors of b.
3, 19
Let f(z) = 20*z - 10. What are the prime factors of f(4)?
2, 5, 7
Let d(v) = 15*v + 21. What are the prime factors of d(13)?
2, 3
Let o(a) = -16*a - 6. List the prime factors of o(-4).
2, 29
Suppose 0 = k - 5*k + 1236. List the prime factors of k.
3, 103
Let f(s) = s**3 + s**2 + 2*s + 120. What are the prime factors of f(0)?
2, 3, 5
Let g(m) = m**3 - 4*m**2 + 7*m + 2. Let d be g(4). Suppose d = 9*c - 4*c. List the prime factors of c.
2, 3
Let p = 82 - 43. List the prime factors of p.
3, 13
Let w(c) be the third derivative of -7/6*c**3 + 0*c - 1/60*c**5 + 0 + c**2 - 1/3*c**4. What are the prime factors of w(-5)?
2
Let q be 1/(-4) - 38/8. Suppose -b = u + 16, 2*b - 3*u = -0*u - 27. Let o = q - b. What are the prime factors of o?
2, 5
Suppose 5*y - 408 = y. List the prime factors of y.
2, 3, 17
List the prime factors of (414/(-5))/((-2)/5).
3, 23
Let q be (0/(-4))/(2*-1). Suppose 12*z - 8*z - 128 = q. What are the prime factors of z?
2
Suppose -3*t + 7 = -2, 0 = 2*g + 2*t - 30. List the prime factors of g - (-1)/(2/(-8)).
2
List the prime factors of (-1)/3*(9 - 195).
2, 31
Let a(l) = 5*l - 2. Let z be a(3). Suppose 2 = -5*p - z, 2*g - 25 = 5*p. Suppose -4*h + 2 = -3*b, -2*h - 2 = 2*b - g*h. What are the prime factors of b?
2
Let n(q) = -q**3 + 6*q**2 + 3*q - 6. Let t = -11 - -29. Let c be (t/21)/((-2)/(-14)). What are the prime factors of n(c)?
2, 3
Let n(l) = 12*l**2. Suppose -4*w - 5 = w. List the prime factors of n(w).
2, 3
Let d be ((-11)/(-2))/(2/4). Let p(t) = t**2 + 2*t + 2. Let f be p(0). What are the prime factors of (d/f)/((-4)/(-8))?
11
Let x = -6 - -1. Let p = -3 - x. What are the prime factors of (p + 12)/(3 - 2)?
2, 7
Let q(y) = -y**2 + 14*y - 9. Let p be q(13). What are the prime factors of 20/30*78/p?
13
Let n(u) = u**3 + 12*u**2 + 3*u + 29. List the prime factors of n(-10).
199
Let t(d) = d**3 - 6*d**2 + 1. Let k be t(6). Let m = k - 1. Suppose -2*n = -m*n - 6. List the prime factors of n.
3
Let c be 15/3*4/10. Suppose c*u = -m + 14, -5*u + 42 = 5*m - 2*u. List the prime factors of m.
2, 3
What are the prime factors of 1692/(-18)*1/(-2)?
47
Suppose 4*y + 64 = 392. List the prime factors of y.
2, 41
Suppose -3*n + 17 = -5*z, 0 = -z - 2*z - 12. Let j = n + 10. List the prime factors of j.
3
Let b = -48 + 101. What are the prime factors of b?
53
Let w(u) = u**3 + 6*u**2 - 9*u - 10. Let z be w(-7). Suppose -z*a = -a - 69. List the prime factors of a.
23
Suppose -v = -5*k + 1 + 1, 0 = -2*k - 3*v - 6. Suppose k*i - 8 = -i. What are the prime factors of i?
2
Let l = 59 + -38. Suppose h - 72 = -5*q, -2*q + 5 + l = -h. List the prime factors of q.
2, 7
Let t = -9 + 15. List the prime factors of t.
2, 3
Let s be (0/(-2))/(4 - 5). Suppose 0 = -5*y - 3*u + 72, 3*y + 4*u + 6 - 47 = s. What are the prime factors of y?
3, 5
Let b = -2 + 9. Suppose g - z = 37, -z - b = -4*g + 141. What are the prime factors of g?
37
Let d = -9 - -11. Suppose 0*b = -d*b + 18. What are the prime factors of b?
3
Let o = 118 + -47. List the prime factors of o.
71
Let p = 16 + -6. Let m = 0 + p. List the prime factors of m.
2, 5
Let f(m) = -m**3 + 10*m**2 + 14*m + 12. List the prime factors of f(10).
2, 19
Suppose -x - 3*x - q = -12, -2*q = 5*x - 15. Suppose -5*n = -3*g + 90, x*n - n = 4*g - 134. List the prime factors of g.
5, 7
Suppose 2*u = 5*d + 10, 6*d - d = -5*u + 25. Let q = 7 - 5. Suppose -u*p + c + 22 = -2*c, -q*p + 4*c + 20 = 0. List the prime factors of p.
2
Let h(m) = 2*m**2 - 5*m + 2. List the prime factors of h(-4).
2, 3
Suppose g - 5*m - 2 - 3 = 0, 5*g - 3*m - 69 = 0. What are the prime factors of g?
3, 5
Suppose -2*o = -0*o - 10. Suppose -3*j + 19 = 4*u, -o*j - 3 = -0*u - 2*u. Suppose u*r - 11 = -3*m, -m + 26 = m - 2*r. What are the prime factors of m?
3
Suppose 0 = 3*j - 4*j + 79. What are the prime factors of j?
79
Let h = -12 + 17. Suppose 2*s - 12 = -2*j, -2*s - h*j - 1 = -28. What are the prime factors of (-18)/(-2) - (1 + s)?
7
Suppose 5*r - 3*c - 334 = 7*r, -5*r + c = 818. What are the prime factors of (-2)/10 + r/(-20)?
2
Suppose -b = -3, 3*x + 3*b + 41 = 5*x. What 